 of 1892407?
7
What is the units digit of 174705?
5
What is the units digit of 12829929?
9
What is the hundred thousands digit of 189879?
1
What is the ten thousands digit of 7178883?
7
What is the units digit of 165777?
7
What is the millions digit of 1574824?
1
What is the thousands digit of 447554?
7
What is the units digit of 218661?
1
What is the thousands digit of 600146?
0
What is the thousands digit of 10774271?
4
What is the ten thousands digit of 1778895?
7
What is the units digit of 282156?
6
What is the ten thousands digit of 832528?
3
What is the tens digit of 542487?
8
What is the ten thousands digit of 656323?
5
What is the ten thousands digit of 141563?
4
What is the units digit of 120963?
3
What is the hundred thousands digit of 3883797?
8
What is the hundreds digit of 15537687?
6
What is the hundreds digit of 11967?
9
What is the thousands digit of 55789?
5
What is the ten thousands digit of 2459861?
5
What is the hundreds digit of 2266547?
5
What is the tens digit of 33101?
0
What is the tens digit of 102725?
2
What is the thousands digit of 416805?
6
What is the thousands digit of 28300042?
0
What is the ten millions digit of 25399108?
2
What is the hundred thousands digit of 215635?
2
What is the units digit of 3570360?
0
What is the units digit of 17756207?
7
What is the ten thousands digit of 5437232?
3
What is the hundreds digit of 395981?
9
What is the hundred thousands digit of 1674044?
6
What is the units digit of 3620914?
4
What is the tens digit of 1919470?
7
What is the ten thousands digit of 11581099?
8
What is the tens digit of 338022?
2
What is the ten thousands digit of 1907940?
0
What is the millions digit of 7209776?
7
What is the units digit of 130900?
0
What is the tens digit of 285628?
2
What is the thousands digit of 276398?
6
What is the hundreds digit of 41704?
7
What is the tens digit of 141014?
1
What is the units digit of 632835?
5
What is the thousands digit of 14405254?
5
What is the hundreds digit of 259252?
2
What is the hundred thousands digit of 7787836?
7
What is the ten thousands digit of 464194?
6
What is the tens digit of 34469?
6
What is the units digit of 433118?
8
What is the units digit of 75473?
3
What is the hundreds digit of 6333532?
5
What is the ten thousands digit of 1703467?
0
What is the units digit of 14473408?
8
What is the hundreds digit of 353116?
1
What is the thousands digit of 2834598?
4
What is the thousands digit of 534333?
4
What is the millions digit of 1568033?
1
What is the units digit of 1626232?
2
What is the units digit of 3244903?
3
What is the hundreds digit of 80676?
6
What is the tens digit of 8047607?
0
What is the ten thousands digit of 5221195?
2
What is the hundred thousands digit of 468724?
4
What is the hundreds digit of 460763?
7
What is the ten thousands digit of 57053?
5
What is the units digit of 987905?
5
What is the ten thousands digit of 1339467?
3
What is the millions digit of 2517209?
2
What is the units digit of 136574?
4
What is the hundreds digit of 1709889?
8
What is the millions digit of 9611279?
9
What is the units digit of 8031270?
0
What is the ten thousands digit of 16184144?
8
What is the thousands digit of 65534?
5
What is the tens digit of 355983?
8
What is the hundred thousands digit of 562165?
5
What is the hundreds digit of 361339?
3
What is the ten thousands digit of 2231922?
3
What is the ten thousands digit of 9747150?
4
What is the ten thousands digit of 45356?
4
What is the hundreds digit of 47824?
8
What is the units digit of 462895?
5
What is the hundred thousands digit of 2315534?
3
What is the tens digit of 400515?
1
What is the hundred thousands digit of 4670173?
6
What is the hundred thousands digit of 270459?
2
What is the thousands digit of 16180865?
0
What is the thousands digit of 833889?
3
What is the hundreds digit of 24189?
1
What is the hundred thousands digit of 108113?
1
What is the tens digit of 50142?
4
What is the units digit of 17997448?
8
What is the thousands digit of 269611?
9
What is the tens digit of 3242428?
2
What is the ten thousands digit of 3579863?
7
What is the hundreds digit of 9650550?
5
What is the tens digit of 2082105?
0
What is the ten thousands digit of 2366294?
6
What is the thousands digit of 30462399?
2
What is the hundreds digit of 1558741?
7
What is the hundred thousands digit of 240315?
2
What is the ten thousands digit of 4411412?
1
What is the hundred thousands digit of 2073623?
0
What is the hundreds digit of 25217?
2
What is the units digit of 253336?
6
What is the units digit of 9529939?
9
What is the units digit of 36263?
3
What is the tens digit of 403605?
0
What is the tens digit of 3337034?
3
What is the hundred thousands digit of 3954008?
9
What is the units digit of 311835?
5
What is the ten thousands digit of 2883584?
8
What is the hundreds digit of 365221?
2
What is the tens digit of 170085?
8
What is the millions digit of 6025566?
6
What is the thousands digit of 1901154?
1
What is the thousands digit of 4063848?
3
What is the ten thousands digit of 54941?
5
What is the ten thousands digit of 474784?
7
What is the millions digit of 9434515?
9
What is the tens digit of 880794?
9
What is the units digit of 6321923?
3
What is the hundred thousands digit of 3718272?
7
What is the thousands digit of 6768864?
8
What is the tens digit of 454977?
7
What is the hundreds digit of 262546?
5
What is the thousands digit of 337205?
7
What is the hundreds digit of 489042?
0
What is the thousands digit of 473552?
3
What is the ten thousands digit of 853006?
5
What is the hundred thousands digit of 1519255?
5
What is the ten thousands digit of 4321482?
2
What is the tens digit of 180928?
2
What is the hundreds digit of 271666?
6
What is the tens digit of 911860?
6
What is the hundreds digit of 310869?
8
What is the tens digit of 64036?
3
What is the hundred thousands digit of 381285?
3
What is the thousands digit of 95762?
5
What is the ten thousands digit of 983519?
8
What is the millions digit of 3938052?
3
What is the units digit of 237806?
6
What is the tens digit of 16316750?
5
What is the tens digit of 1489290?
9
What is the tens digit of 3745431?
3
What is the ten thousands digit of 3972976?
7
What is the ten thousands digit of 222543?
2
What is the tens digit of 5381972?
7
What is the units digit of 80653?
3
What is the hundred thousands digit of 19260816?
2
What is the units digit of 4663796?
6
What is the thousands digit of 123444?
3
What is the hundred thousands digit of 141708?
1
What is the tens digit of 267074?
7
What is the hundred thousands digit of 518602?
5
What is the ten thousands digit of 176961?
7
What is the hundred thousands digit of 6846970?
8
What is the ten thousands digit of 108690?
0
What is the units digit of 1132528?
8
What is the units digit of 56674?
4
What is the units digit of 416909?
9
What is the units digit of 778171?
1
What is the thousands digit of 3121277?
1
What is the tens digit of 216979?
7
What is the units digit of 29998?
8
What is the thousands digit of 3909456?
9
What is the units digit of 2783426?
6
What is the hundreds digit of 28556654?
6
What is the ten thousands digit of 6744420?
4
What is the tens digit of 482139?
3
What is the hundreds digit of 1393726?
7
What is the units digit of 1541259?
9
What is the units digit of 218053?
3
What is the hundreds digit of 231230?
2
What is the hundreds digit of 61359?
3
What is the hundred thousands digit of 1280170?
2
What is the thousands digit of 19893945?
3
What is the hundred thousands digit of 15558633?
5
What is the units digit of 17438476?
6
What is the units digit of 1461705?
5
What is the units digit of 2368?
8
What is the ten thousands digit of 766301?
6
What is the units digit of 112168?
8
What is the hundreds digit of 687794?
7
What is the units digit of 620574?
4
What is the thousands digit of 191737?
1
What is the hundred thousands digit of 1491426?
4
What is the hundred thousands digit of 458473?
4
What is the units digit of 101877?
7
What is the ten thousands digit of 79970?
7
What is the thousands digit of 7912354?
2
What is the tens digit of 55944?
4
What is the tens digit of 1359286?
8
What is the tens digit of 4962501?
0
What is the ten thousands digit of 7615393?
1
